{"id":295,"date":"2025-12-28T22:48:50","date_gmt":"2025-12-28T21:48:50","guid":{"rendered":"https:\/\/automatyzacjamedyczna.pl\/?page_id=295"},"modified":"2026-01-07T08:42:28","modified_gmt":"2026-01-07T07:42:28","slug":"polityka-prywatnosci-2","status":"publish","type":"page","link":"https:\/\/automatyzacjamedyczna.pl\/?page_id=295","title":{"rendered":"Polityka Prywatno\u015bci"},"content":{"rendered":"\n<h2 class=\"wp-block-heading\">Polityka Prywatno\u015bci<\/h2>\n\n\n\n<p><strong>Informacje og\u00f3lne:<\/strong><\/p>\n\n\n\n<p> Administratorem danych osobowych jest firma <strong>Automatyzacja Medyczna <\/strong> Damian Ko\u0142akowski  prowadz\u0105cy dzia\u0142alno\u015b\u0107 nierejestrowan\u0105 z siedzib\u0105 w P\u0142o\u0144sk, M\u0142odzie\u017cowa 9<\/p>\n\n\n\n<p>Kontakt z Administratorem jest mo\u017cliwy pod adresem e-mail: kontakt@automatyzacjamedyczna.pl oraz pod numerem telefonu +48 516143694 kontakt telefoniczny dost\u0119pny w godzinach 9:00-17:00<\/p>\n\n\n\n<p>Serwis przywi\u0105zuje du\u017c\u0105 wag\u0119 do ochrony prywatno\u015bci u\u017cytkownik\u00f3w oraz bezpiecze\u0144stwa przetwarzania ich danych osobowych zgodnie z wymogami RODO <\/p>\n\n\n\n<p><br><strong>Jakie dane zbieramy:<\/strong><\/p>\n\n\n\n<p> Zbieramy dane podane dobrowolnie w formularzu kontaktowym (imi\u0119, e-mail, nr telefonu, adres strony WWW) w celu przygotowania oferty.<\/p>\n\n\n\n<p><br><strong>Cel przetwarzania:<\/strong><\/p>\n\n\n\n<p> Dane przetwarzane s\u0105 wy\u0142\u0105cznie w celu komunikacji z klientem i realizacji us\u0142ug automatyzacji.<\/p>\n\n\n\n<p><br><strong>Twoje prawa:<\/strong> <\/p>\n\n\n\n<p>Masz prawo do wgl\u0105du, poprawiania oraz \u017c\u0105dania usuni\u0119cia swoich danych w dowolnym momencie. Kontakt: kontakt@automatyzacjamedyczna.pl.<\/p>\n\n\n\n<p><br><strong>Pliki cookies:<\/strong> <\/p>\n\n\n\n<p>Strona korzysta z plik\u00f3w cookies w celu analizy ruchu (Google Analytics).<\/p>\n\n\n\n<p><\/p>\n","protected":false},"excerpt":{"rendered":"<p>Polityka Prywatno\u015bci Informacje og\u00f3lne: Administratorem danych osobowych jest firma Automatyzacja Medyczna Damian Ko\u0142akowski prowadz\u0105cy dzia\u0142alno\u015b\u0107 nierejestrowan\u0105 z siedzib\u0105 w P\u0142o\u0144sk, M\u0142odzie\u017cowa 9 Kontakt z Administratorem jest mo\u017cliwy pod adresem e-mail: kontakt@automatyzacjamedyczna.pl oraz pod numerem telefonu +48 516143694 kontakt telefoniczny dost\u0119pny w godzinach 9:00-17:00 Serwis przywi\u0105zuje du\u017c\u0105 wag\u0119 do ochrony prywatno\u015bci u\u017cytkownik\u00f3w oraz bezpiecze\u0144stwa przetwarzania ich [&hellip;]<\/p>\n","protected":false},"author":1,"featured_media":0,"parent":0,"menu_order":0,"comment_status":"closed","ping_status":"closed","template":"","meta":{"footnotes":""},"class_list":["post-295","page","type-page","status-publish","hentry"],"_links":{"self":[{"href":"https:\/\/automatyzacjamedyczna.pl\/index.php?rest_route=\/wp\/v2\/pages\/295","targetHints":{"allow":["GET"]}}],"collection":[{"href":"https:\/\/automatyzacjamedyczna.pl\/index.php?rest_route=\/wp\/v2\/pages"}],"about":[{"href":"https:\/\/automatyzacjamedyczna.pl\/index.php?rest_route=\/wp\/v2\/types\/page"}],"author":[{"embeddable":true,"href":"https:\/\/automatyzacjamedyczna.pl\/index.php?rest_route=\/wp\/v2\/users\/1"}],"replies":[{"embeddable":true,"href":"https:\/\/automatyzacjamedyczna.pl\/index.php?rest_route=%2Fwp%2Fv2%2Fcomments&post=295"}],"version-history":[{"count":4,"href":"https:\/\/automatyzacjamedyczna.pl\/index.php?rest_route=\/wp\/v2\/pages\/295\/revisions"}],"predecessor-version":[{"id":359,"href":"https:\/\/automatyzacjamedyczna.pl\/index.php?rest_route=\/wp\/v2\/pages\/295\/revisions\/359"}],"wp:attachment":[{"href":"https:\/\/automatyzacjamedyczna.pl\/index.php?rest_route=%2Fwp%2Fv2%2Fmedia&parent=295"}],"curies":[{"name":"wp","href":"https:\/\/api.w.org\/{rel}","templated":true}]}}